{"id":12,"date":"2018-07-04T02:46:17","date_gmt":"2018-07-04T02:46:17","guid":{"rendered":"http:\/\/gdnconference.org\/gdn2019\/?page_id=12"},"modified":"2021-12-01T13:26:10","modified_gmt":"2021-12-01T13:26:10","slug":"committees","status":"publish","type":"page","link":"https:\/\/insidmeetings.org\/insid2021\/committees\/","title":{"rendered":"Committees"},"content":{"rendered":"<h4><strong>Program Chair<\/strong><\/h4>\n<p>Danielle Costa Morais, Universidade Federal de Pernambuco, Brazil<\/p>\n<h4><strong>Steering Committee<\/strong><\/h4>\n<p>Adiel Teixeira de Almeida, Universidade Federal de Pernambuco, Brazil<br \/>\nKeith Hipel, University of Waterloo, Canada<br \/>\nLove Ekenberg,\u00a0\u00a0Stockholm University,\u00a0\u00a0Sweden<br \/>\nMarc Kilgour,\u00a0\u00a0Wilfrid Laurier University, Canada<br \/>\nPascale Zarate,\u00a0\u00a0Universite Toulouse 1 Capitole, France<br \/>\nRalph Keeney, USA<br \/>\nRoman Slowinski, Poznan University of Technology, Poland<br \/>\nRudolf Vetschera, University of Vienna, Austria<br \/>\nPetr Ekel, Pontitifica Universidade Catolica de Minas Gerais, Brazil<br \/>\nMarcos Pereira Estellita Lins, Universidade Federal do Rio de Janeiro, Brazil<br \/>\nHelder Gomes Costa, Universidade Federal Fluminense, Brazil<br \/>\nMischel Carmen Neyra Belderrain, Instituto Tecnologico de Aeronautica, Brazil<br \/>\nDanielle Costa Morais, Universidade Federal de Pernambuco, Brazil<\/p>\n<h4><strong>Program Committee<\/strong><\/h4>\n<p>lexandre Bevilacquea Leoneti, Universidade de S\u00e3o Paulo, Brazil<br \/>\nAna Paula Cabral Seixas Costa, Universidade Federal de Pernambuco, Brazil<br \/>\nAna Paula Henriques de Gusm\u00e3o, Universidade Federal de Sergipe, Brazil<br \/>\nAnnibal Parracho Sant\u2019Anna, Universidade Federal Fluminense, Brazil<br \/>\nCarlos Francisco Sim\u00f5es Gomes, Universidade Federal Fluminense, Brazil<br \/>\nCaroline Maria de Miranda Mota, Universidade Federal de Pernambuco, Brazil<br \/>\nCristiano Alexandre V. Cavalcante, Universidade Federal de Pernambuco, Brazil<br \/>\nCristiano Torezzan, Universidade Estadual de Campinas, Brazil<br \/>\nDaniel Aloise, Polytechnique Montr\u00e9al, Canada<br \/>\nHaiyan Xu,\u00a0\u00a0Nanjing University of Aeronautics and Astronautics, China<br \/>\nHannu Nurmi,\u00a0 University of Turku,\u00a0 Finland<br \/>\nJo\u00e3o Carlos C. Baptista Soares de Mello, Universidade Federal Fluminense, Brazil<br \/>\nJohannes Siebert, MCI Management Center Innsbruck, Austria<br \/>\nJos\u00e9 Rui Figueira, Technical University of Lisbon, Portugal<br \/>\nLeandro Chaves R\u00eago, Universidade Federal do Cear\u00e1, Brazil<br \/>\nLiping Fang, Ryerson University, Canada<br \/>\nLuciana Hazin Alencar, Universidade Federal de Pernambuco, Brazil<br \/>\nLuiz Bueno da Silva, Universidade Federal da Para\u00edba, Brazil<br \/>\nLuiz C\u00e9sar Ribeiro Carpinetti, Universidade de S\u00e3o Paulo, S\u00e3o Carlos, Brazil<br \/>\nMaria Teresinha Arns Steiner, Pontif\u00edcia Universidade Cat\u00f3lica Paran\u00e1, Brazil<br \/>\nMariana R. de Almeida, Universidade Federal do Rio Grande do Norte, Brazil<br \/>\nSalvatore Greco, University of Catania, Italy<br \/>\nS\u00e9rgio Eduardo Gouv\u00eaa da Costa, Pontif\u00edcia Universidade Cat\u00f3lica Paran\u00e1, Brazil<br \/>\nVanessa Batista de Sousa Silva, Universidade Federal de Campina Grande, Brazil<\/p>\n<h4><strong>Organizing Committee<\/strong><\/h4>\n<p>Danielle Costa Morais, Universidade Federal de Pernambuco, Brazil<br \/>\nLuciana Hazin Alencar, Universidade Federal de Pernambuco, Brazil<br \/>\nMaisa Mendon\u00e7a, Universidade Federal de Pernambuco, Brazil<br \/>\nRodrigo Ferreira, Universidade Federal de Pernambuco, Brazil<br \/>\nAlexandre Alberti, Universidade Federal de Pernambuco, Brazil<\/p>\n","protected":false},"excerpt":{"rendered":"<p>Program Chair Danielle Costa Morais, Universidade Federal de Pernambuco, Brazil Steering Committee Adiel Teixeira de Almeida, Universidade Federal de Pernambuco, Brazil Keith Hipel, University of Waterloo, Canada Love Ekenberg,\u00a0\u00a0Stockholm University,\u00a0\u00a0Sweden Marc Kilgour,\u00a0\u00a0Wilfrid Laurier University, Canada Pascale Zarate,\u00a0\u00a0Universite Toulouse 1 Capitole, France Ralph Keeney, USA Roman Slowinski, Poznan University of Technology, Poland Rudolf Vetschera, University of [&hellip;]<\/p>\n","protected":false},"author":1,"featured_media":0,"parent":0,"menu_order":0,"comment_status":"closed","ping_status":"closed","template":"","meta":{"footnotes":""},"class_list":["post-12","page","type-page","status-publish","hentry"],"_links":{"self":[{"href":"https:\/\/insidmeetings.org\/insid2021\/wp-json\/wp\/v2\/pages\/12","targetHints":{"allow":["GET"]}}],"collection":[{"href":"https:\/\/insidmeetings.org\/insid2021\/wp-json\/wp\/v2\/pages"}],"about":[{"href":"https:\/\/insidmeetings.org\/insid2021\/wp-json\/wp\/v2\/types\/page"}],"author":[{"embeddable":true,"href":"https:\/\/insidmeetings.org\/insid2021\/wp-json\/wp\/v2\/users\/1"}],"replies":[{"embeddable":true,"href":"https:\/\/insidmeetings.org\/insid2021\/wp-json\/wp\/v2\/comments?post=12"}],"version-history":[{"count":91,"href":"https:\/\/insidmeetings.org\/insid2021\/wp-json\/wp\/v2\/pages\/12\/revisions"}],"predecessor-version":[{"id":1321,"href":"https:\/\/insidmeetings.org\/insid2021\/wp-json\/wp\/v2\/pages\/12\/revisions\/1321"}],"wp:attachment":[{"href":"https:\/\/insidmeetings.org\/insid2021\/wp-json\/wp\/v2\/media?parent=12"}],"curies":[{"name":"wp","href":"https:\/\/api.w.org\/{rel}","templated":true}]}}